{"id":2046,"date":"2015-06-24T18:41:04","date_gmt":"2015-06-24T16:41:04","guid":{"rendered":"http:\/\/ifis.se\/ver\/?page_id=2046"},"modified":"2025-01-30T12:05:08","modified_gmt":"2025-01-30T11:05:08","slug":"kontakta-oss","status":"publish","type":"page","link":"https:\/\/ifis.se\/ver\/kontakta-oss\/","title":{"rendered":"Kontakta oss"},"content":{"rendered":"<div class=\"l-subsection\"><div class=\"l-subsection-h g-html i-cf\"><p>Du \u00e4r v\u00e4lkommen att kontakta oss f\u00f6r att f\u00e5 dina fr\u00e5gor och funderingar besvarade men med h\u00e4nsyn till att vi f\u00e5r oerh\u00f6rt m\u00e5nga fr\u00e5gor vilket orsakar att vi i m\u00e5nga fall inte kan besvara alla fr\u00e5gor direkt och svarstiden kan dr\u00f6ja n\u00e5got.<\/p>\n<p>F\u00f6r att underl\u00e4tta f\u00f6r dig har vi sammanst\u00e4llt ett antal islam-relaterade\u00a0<a href=\"https:\/\/ifis.se\/ver\/fragor-och-svar\/\">fr\u00e5gor och svar<\/a>, hittar du inte vad du s\u00f6ker kan du skriva till oss.<\/p>\n<p>Vill du tr\u00e4ffa en Imam f\u00f6r att st\u00e4lla fr\u00e5gor direkt h\u00e4nvisar vi dig till\u00a0<a href=\"https:\/\/ifis.se\/ver\/vara-distrikt\/\">v\u00e5ra f\u00f6reningar<\/a>.<\/p>\n<p>Vi besvarar fr\u00e5gor som ber\u00f6r F\u00f6rbundet och dess arbete i f\u00f6rsta hand.<\/p>\n<p><strong>Post- och bes\u00f6ksadress:<\/strong><br \/>Islamiska F\u00f6rbundet i Sverige<br \/>Kapellgr\u00e4nd 10<br \/>116 25 Stockholm<\/p>\n<p><strong>Kontakt:<\/strong><br \/>V\u00e4xel: 08-509 109 00<br \/>Fax: 08-509 109 29<br \/>E-post: <a href=\"mailto:info@ifstockholm.se\">info@islamiskaforbundet.se<\/a><br \/>Facebook: islamiskaforbundet<br \/>Twitter: @IslamiskaForbun<br \/>PG: 4644737-1<\/p>\n<p><strong>\u00d6vrigt:<\/strong><br \/>F\u00f6r press och media fr\u00e5gor,\u00a0se <a href=\"https:\/\/ifis.se\/ver\/pressrummet\/\">Pressrummet<\/a><\/p>\n\n<p><iframe src=\"https:\/\/www.google.com\/maps\/embed?pb=!1m18!1m12!1m3!1d2036.028133227658!2d18.072419815925727!3d59.3157871816541!2m3!1f0!2f0!3f0!3m2!1i1024!2i768!4f13.1!3m3!1m2!1s0x465f77fa57820963%3A0x507a6e003c89909e!2sStockholm%20Central%20Mosque!5e0!3m2!1sen!2sse!4v1620977572669!5m2!1sen!2sse\" width=\"100%\" height=\"450\" style=\"border:0;\" allowfullscreen=\"\" loading=\"lazy\"><\/iframe><\/p>\n\n\n\n<p><\/p>\n<\/div><\/div>","protected":false},"excerpt":{"rendered":"<p>Du \u00e4r v\u00e4lkommen att kontakta oss f\u00f6r att f\u00e5 dina fr\u00e5gor och funderingar besvarade men med h\u00e4nsyn till att vi f\u00e5r oerh\u00f6rt&hellip;<\/p>\n","protected":false},"author":1,"featured_media":0,"parent":0,"menu_order":0,"comment_status":"open","ping_status":"open","template":"","meta":{"footnotes":""},"class_list":["post-2046","page","type-page","status-publish","hentry"],"_links":{"self":[{"href":"https:\/\/ifis.se\/ver\/wp-json\/wp\/v2\/pages\/2046","targetHints":{"allow":["GET"]}}],"collection":[{"href":"https:\/\/ifis.se\/ver\/wp-json\/wp\/v2\/pages"}],"about":[{"href":"https:\/\/ifis.se\/ver\/wp-json\/wp\/v2\/types\/page"}],"author":[{"embeddable":true,"href":"https:\/\/ifis.se\/ver\/wp-json\/wp\/v2\/users\/1"}],"replies":[{"embeddable":true,"href":"https:\/\/ifis.se\/ver\/wp-json\/wp\/v2\/comments?post=2046"}],"version-history":[{"count":9,"href":"https:\/\/ifis.se\/ver\/wp-json\/wp\/v2\/pages\/2046\/revisions"}],"predecessor-version":[{"id":3561,"href":"https:\/\/ifis.se\/ver\/wp-json\/wp\/v2\/pages\/2046\/revisions\/3561"}],"wp:attachment":[{"href":"https:\/\/ifis.se\/ver\/wp-json\/wp\/v2\/media?parent=2046"}],"curies":[{"name":"wp","href":"https:\/\/api.w.org\/{rel}","templated":true}]}}